{"id":12,"date":"2015-01-22T21:30:46","date_gmt":"2015-01-22T21:30:46","guid":{"rendered":"http:\/\/nanolab.es\/?page_id=12"},"modified":"2024-02-25T19:33:56","modified_gmt":"2024-02-25T19:33:56","slug":"quienes-somos","status":"publish","type":"page","link":"https:\/\/nanolab.es\/?page_id=12","title":{"rendered":"qui\u00e9nes somos"},"content":{"rendered":"\n<p><\/p>\n\n\n\n<p><\/p>\n\n\n<div class=\"wp-block-image is-style-rounded\">\n<figure class=\"aligncenter size-large is-resized\"><img loading=\"lazy\" decoding=\"async\" width=\"2320\" height=\"2319\" src=\"https:\/\/nanolab.es\/wp-content\/uploads\/2021_03_02_13_53_IMG_3866-edited.jpg\" alt=\"\" class=\"wp-image-941\" style=\"width:160px;height:auto\" srcset=\"https:\/\/nanolab.es\/wp-content\/uploads\/2021_03_02_13_53_IMG_3866-edited.jpg 2320w, https:\/\/nanolab.es\/wp-content\/uploads\/2021_03_02_13_53_IMG_3866-edited-300x300.jpg 300w, https:\/\/nanolab.es\/wp-content\/uploads\/2021_03_02_13_53_IMG_3866-edited-1024x1024.jpg 1024w, https:\/\/nanolab.es\/wp-content\/uploads\/2021_03_02_13_53_IMG_3866-edited-150x150.jpg 150w, https:\/\/nanolab.es\/wp-content\/uploads\/2021_03_02_13_53_IMG_3866-edited-1536x1536.jpg 1536w, https:\/\/nanolab.es\/wp-content\/uploads\/2021_03_02_13_53_IMG_3866-edited-2048x2048.jpg 2048w\" sizes=\"(max-width: 2320px) 100vw, 2320px\" \/><\/figure><\/div>\n\n\n<p><strong><mark style=\"background-color:rgba(0, 0, 0, 0)\" class=\"has-inline-color has-vivid-red-color\">j<\/mark>os\u00e9 luis rodr\u00edguez garc\u00eda<\/strong><\/p>\n\n\n\n<p><strong><mark style=\"background-color:rgba(0, 0, 0, 0)\" class=\"has-inline-color has-vivid-red-color\">g<\/mark>ij\u00f3n<\/strong><br \/><strong>arquitecto<\/strong> (e.t.s.a. a\u00a0coru\u00f1a 1999)<br \/><strong>coaa 995<\/strong><br \/><mark style=\"background-color:rgba(0, 0, 0, 0)\" class=\"has-inline-color has-vivid-red-color\">c<\/mark>urioso, divertido, so\u00f1ador e inconformista. una mente inquieta y \u00e1vida de conocimientos que no ha perdido la pasi\u00f3n y las ganas de explorar e investigar para descubrir nuevos territorios arquitect\u00f3nicos que seguro ser\u00e1n el futuro de sus hijos. transmitir jugando la pasi\u00f3n que siente por la arquitectura y crear inquietud en los ni\u00f1os por el mundo que les rodea es lo que le motiva a crear nanolab que compatibiliza con su actividad arquitect\u00f3nica en su estudio www.arquitecturaxel.com<\/p>\n\n\n<div class=\"wp-block-image is-style-rounded\">\n<figure class=\"aligncenter size-full is-resized\"><img loading=\"lazy\" decoding=\"async\" width=\"500\" height=\"658\" src=\"http:\/\/nanolab.es\/wp-content\/uploads\/delfina_equipo.jpg\" alt=\"\" class=\"wp-image-940\" style=\"width:146px;height:auto\" srcset=\"https:\/\/nanolab.es\/wp-content\/uploads\/delfina_equipo.jpg 500w, https:\/\/nanolab.es\/wp-content\/uploads\/delfina_equipo-228x300.jpg 228w\" sizes=\"(max-width: 500px) 100vw, 500px\" \/><\/figure><\/div>\n\n\n<p><strong><mark style=\"background-color:rgba(0, 0, 0, 0)\" class=\"has-inline-color has-vivid-red-color\">d<\/mark>elfina fern\u00e1ndez ovia\u00f1o<\/strong><\/p>\n\n\n\n<p><strong><mark style=\"background-color:rgba(0, 0, 0, 0)\" class=\"has-inline-color has-vivid-red-color\">c<\/mark>udillero<\/strong><br \/><strong>arquitecta<\/strong> (e.t.s.a. a\u00a0coru\u00f1a 2009)<br \/><strong>coaa 1394<\/strong><br \/>investigadora insaciable, paciente y entusiasta hasta l\u00edmites insospechados, con su lenguaje ameno, transmite a los ni\u00f1os todo lo que es y le gustar\u00eda que fuese la arquitectura. capaz de esta manera, de trasladarlos con su imaginaci\u00f3n en todo el proceso creativo de la sesi\u00f3n que se est\u00e9 desarrollando, consiguiendo que queden en sus mentes, las semillas arquitect\u00f3nicas necesarias que alg\u00fan d\u00eda ir\u00e1n germinando. sin lugar a duda, nanolab es la v\u00e1lvula de escape a tanta sabidur\u00eda y que tambi\u00e9n comparte en el estudio www.arquitecturaxel.com<\/p>\n\n\n<div class=\"wp-block-image is-style-rounded\">\n<figure class=\"aligncenter size-full is-resized\"><img loading=\"lazy\" decoding=\"async\" width=\"200\" height=\"200\" src=\"https:\/\/nanolab.es\/wp-content\/uploads\/veronica_martin_eguen-edited.jpg\" alt=\"\" class=\"wp-image-937\" style=\"width:157px;height:auto\" srcset=\"https:\/\/nanolab.es\/wp-content\/uploads\/veronica_martin_eguen-edited.jpg 200w, https:\/\/nanolab.es\/wp-content\/uploads\/veronica_martin_eguen-edited-150x150.jpg 150w\" sizes=\"(max-width: 200px) 100vw, 200px\" \/><\/figure><\/div>\n\n\n<p><strong><mark style=\"background-color:rgba(0, 0, 0, 0)\" class=\"has-inline-color has-vivid-red-color\">v<\/mark>er\u00f3nica mart\u00edn eg\u00fcen <\/strong><\/p>\n\n\n\n<p><strong><mark style=\"background-color:rgba(0, 0, 0, 0)\" class=\"has-inline-color has-vivid-red-color\">c<\/mark>amale\u00f1o. cantabria<\/strong><br \/><strong>arquitecta <\/strong>(e.t.s.a. madrid 1996 )<br \/><strong>coaa 1044<\/strong><br \/>trabajadora, persistente y perfeccionista. encantadora con los peque\u00f1os y conocedora in situ de muchas tradiciones de todo el mundo, desde su estudio de arquitectura y fotograf\u00eda nos har\u00e1 disfrutar, compartiendo sus experiencias arquitect\u00f3nicas que nos enriquecer\u00e1n. sin duda una gran incorporaci\u00f3n nanolab.<\/p>\n\n\n<div class=\"wp-block-image is-style-rounded\">\n<figure class=\"aligncenter size-full is-resized\"><img loading=\"lazy\" decoding=\"async\" width=\"311\" height=\"325\" src=\"https:\/\/nanolab.es\/wp-content\/uploads\/image.png\" alt=\"\" class=\"wp-image-933\" style=\"width:151px;height:auto\" srcset=\"https:\/\/nanolab.es\/wp-content\/uploads\/image.png 311w, https:\/\/nanolab.es\/wp-content\/uploads\/image-287x300.png 287w\" sizes=\"(max-width: 311px) 100vw, 311px\" \/><\/figure><\/div>\n\n\n<p><strong><mark style=\"background-color:rgba(0, 0, 0, 0)\" class=\"has-inline-color has-vivid-red-color\">s<\/mark>ilvia men\u00e9ndez \u00a0riesgo<\/strong><\/p>\n\n\n\n<p><strong><mark style=\"background-color:rgba(0, 0, 0, 0)\" class=\"has-inline-color has-vivid-red-color\">c<\/mark>udillero. asturias<\/strong><br \/><strong>arquitecta<\/strong> (e.t.s.a. \u00a0a\u00a0coru\u00f1a 2016)<br \/><strong>coaa\u00a0<\/strong><\/p>\n\n\n\n<p>joven, la m\u00e1s joven de nanolab, reci\u00e9n licenciada y con ganas de aprender ense\u00f1ando. su experiencia&nbsp; en el cuidado de ni\u00f1os, junto con su preparaci\u00f3n acad\u00e9mica, nos mostrar\u00e1 su responsabilidad, paciencia y compromiso con sus ideas y obligaciones. parece que con silvia, nanolab se enriquece.<\/p>\n","protected":false},"excerpt":{"rendered":"<p>jos\u00e9 luis rodr\u00edguez garc\u00eda gij\u00f3narquitecto (e.t.s.a. a\u00a0coru\u00f1a 1999)coaa 995curioso, divertido, so\u00f1ador e inconformista. una mente inquieta y \u00e1vida de conocimientos que no ha perdido la pasi\u00f3n y las ganas de explorar e investigar para descubrir nuevos territorios arquitect\u00f3nicos que seguro ser\u00e1n el futuro de sus hijos. transmitir jugando la pasi\u00f3n que siente por la arquitectura [&hellip;]<\/p>\n","protected":false},"author":1,"featured_media":0,"parent":0,"menu_order":0,"comment_status":"closed","ping_status":"closed","template":"","meta":{"footnotes":""},"_links":{"self":[{"href":"https:\/\/nanolab.es\/index.php?rest_route=\/wp\/v2\/pages\/12"}],"collection":[{"href":"https:\/\/nanolab.es\/index.php?rest_route=\/wp\/v2\/pages"}],"about":[{"href":"https:\/\/nanolab.es\/index.php?rest_route=\/wp\/v2\/types\/page"}],"author":[{"embeddable":true,"href":"https:\/\/nanolab.es\/index.php?rest_route=\/wp\/v2\/users\/1"}],"replies":[{"embeddable":true,"href":"https:\/\/nanolab.es\/index.php?rest_route=%2Fwp%2Fv2%2Fcomments&post=12"}],"version-history":[{"count":16,"href":"https:\/\/nanolab.es\/index.php?rest_route=\/wp\/v2\/pages\/12\/revisions"}],"predecessor-version":[{"id":945,"href":"https:\/\/nanolab.es\/index.php?rest_route=\/wp\/v2\/pages\/12\/revisions\/945"}],"wp:attachment":[{"href":"https:\/\/nanolab.es\/index.php?rest_route=%2Fwp%2Fv2%2Fmedia&parent=12"}],"curies":[{"name":"wp","href":"https:\/\/api.w.org\/{rel}","templated":true}]}}